 Calculate f(c).
-9
Suppose 2 - 1 = z. Let h(d) be the second derivative of 0 - 7/6*d**3 + 2*d + 1/2*d**2. Determine h(z).
-6
Let o(j) = 4*j**3 + 2*j**2 - 2*j. Let u(a) = -10*a + 62. Let w be u(6). Give o(w).
36
Let j(i) = i**3 + 2*i**2 - i + 4. Let f(c) = 1 + 1 - 4*c + c**2 - 1 + 0. Let p be f(2). What is j(p)?
-2
Let d = -77 - -80. Suppose -c = n + c - d, -2*n = 2*c - 4. Let m(s) = -22*s**3 + s**2. Determine m(n).
-21
Let d(u) = 6*u - 2. Let w be d(1). Let q(g) be the third derivative of -g**5/60 + g**4/12 - g**3/6 - 9*g**2. Give q(w).
-9
Let l(x) = x**2 - 5*x + 5. Let s be l(1). Let r(z) = 0*z**2 + z**2 - 6*z**3 - 6*z**3 + 6*z**3 - 1. What is r(s)?
-6
Suppose -5*u = -2*x - 2*x - 3, 5*x + 50 = -3*u. Let d(g) = -g**2 - 8*g - 2. What is d(x)?
5
Suppose -106 - 13 = 7*s. Let a = s + 23. Let y(f) = -f**3 + 5*f**2 + 6*f + 6. What is y(a)?
6
Let g(p) = p**3 - 5*p**2 - 7*p - 1. Let z be g(6). Let j be ((-70)/(-15))/z*9. Let s(c) = -c**2 - 3*c + 8. Calculate s(j).
-10
Suppose -11*k = 46 + 75. Let g(r) = r**3 + 13*r**2 + 22*r - 15. Calculate g(k).
-15
Let g be 1/1*-3 + (-77 - -66). Let p(b) = -b**3 - 14*b**2 - b - 11. Determine p(g).
3
Let o(k) = -k**2 + 6*k - 9. Let q = 203 + -196. What is o(q)?
-16
Let z(k) = 10*k + 1. Suppose -3*l + 31 = 2*y, -l - l - 2*y = -24. Let t = l + -11. Let f be 28/14 + (t - -1). What is z(f)?
-9
Let j(a) = 8*a - 20. Let g be j(3). Let i(t) = -t**3 + t**2 + t + 2. Calculate i(g).
-42
Suppose 0 = 5*k + 3*s + 4 - 41, -13 = -5*k + 3*s. Let b(q) = 5*q + 13. Let r = -33 + 24. Let n(a) = -2*a - 6. Let w(z) = r*n(z) - 4*b(z). What is w(k)?
-8
Suppose 21*h - 140 = 41*h. Let l(d) = d**2 + 8*d - 5. What is l(h)?
-12
Let v(c) be the second derivative of 1/12*c**4 - 3*c + 0 - 7/6*c**3 - c**2. Determine v(7).
-2
Let r = -23 - -25. Let o(g) = -2 + r + 1 + 0 - 19*g. Give o(1).
-18
Suppose -2*i + 2*y = -y - 51, -3*y - 9 = 0. Suppose 0*w = -3*w - i. Let n = w + 3. Let t(d) = -d**2 - 4*d + 2. Determine t(n).
2
Suppose s - 1 - 9 = 2*c, 2*s = 2*c + 20. Let o(w) = -7*w + 10 - s*w + 26*w - 10*w. Give o(7).
3
Let r(i) = i**2 + 7*i + 7. Let x be r(-6). Suppose -5*o + 4*g - 8 = 0, -4*o - 3*g - 2*g = -10. Let d(m) = o*m - 3*m + m**3 + 0*m**2 + 4*m - m**2. What is d(x)?
1
Let o(q) be the third derivative of -q**6/120 - q**5/30 + 7*q**4/24 - q**3/6 + 2*q**2 + 115*q. Give o(-5).
39
Let p(c) be the second derivative of -c**4/12 - 7*c**3/6 - c**2 - 2*c. Suppose 20*z + 131 - 11 = 0. Calculate p(z).
4
Let o(h) = h**3 - 7*h**2 - 1. Suppose -89*s + 84*s - 4*t + 15 = 0, -4*s + 18 = 2*t. What is o(s)?
-1
Suppose 4*k - 42 = -5*v, 6*k - 5*v - 14 = 3*k. Let z(b) = b**3 - 9*b**2 + 8*b - 3. Determine z(k).
-3
Let c(t) = -t - 1. Let u = 38 - 26. Let m = 18 - u. Give c(m).
-7
Let c(j) = j**2 - 131*j - 692. Let y be c(-5). Let s(u) = -2*u**2 - 21*u + 28. Give s(y).
-8
Let w(p) = -p**2 - 13*p - 19. Let d be w(-13). Let n = d - -21. Let o(i) = -2*i + 4*i**3 + i**2 - 2*i**2 + i + n*i**2. Determine o(1).
4
Let a(h) = -h**2 - 30*h + 132. Let t be a(-34). Let b(s) = s**2 + 8*s + 5. What is b(t)?
-11
Let h(v) = -v**3 + 5*v**2 + 5*v + 6. Let w be (-1)/(-3) - (-560)/21. Let m be 1*9 - w/9. Calculate h(m).
0
Let u = 672 - 675. Let r(p) = 2*p + 9. What is r(u)?
3
Suppose 2*v + 0 = 4. Let h(l) = -l**2 - 2*l**v - 11*l**2 - l. Let i be (-1 - 1/(-3))/(312/468). Determine h(i).
-13
Let x(h) = h**2 + 4*h + 2. Let z(k) be the first derivative of -1/3*k**3 + 7*k - 6 + 3/2*k**2. Let t be z(5). Give x(t).
-1
Let y(u) = -u - 5. Let i(z) = 5*z + 25. Let g be (-414)/38 - (-14)/(-133). Let n(f) = g*y(f) - 2*i(f). Determine n(-5).
0
Let k(x) = 14*x + 1. Suppose 3*r + 2 = -25*z + 24*z, z - r - 2 = 0. Calculate k(z).
15
Let j be (-1 - (2 - 3)) + (-4 - -8). Let o(y) = y + 12. Let q = -6 - -4. Let a(u) = -6. Let g(r) = q*o(r) - 5*a(r). What is g(j)?
-2
Let u(i) = -2*i**3 - i**2. Let z = -44 + 44. Suppose z = 9*r + 12 - 3. Give u(r).
1
Suppose 0 = -5*p + p + 8. Suppose x + 9 = -2*b - p, 0 = -b + 5*x. Let f(q) = q**2 + 5*q + 1. Give f(b).
1
Let i(u) = -u**2 + 15*u - 46. Let d be i(7). Let b(o) = -d*o + o + 5*o + 5*o + 6. What is b(-6)?
0
Let z = 79 + -74. Suppose 0*b + 4*q = 3*b - 39, -4*b + 51 = -z*q. Let x(j) = -j + 5. Give x(b).
-4
Let k(i) = -i + 1256 - 1265 - 2*i. Calculate k(-9).
18
Let f(t) = t**3 + 4*t**2 + 3*t. Suppose 0*s = s. Let p be (-3 + s)*1/1. Calculate f(p).
0
Let q = 4 + -2. Suppose -j + q = 0, 2 = 2*w - j - 2. Let s(t) = -5 + 3 - t + 4. Determine s(w).
-1
Let t(p) = -p**3 - 5*p**2 - 6*p - 1. Suppose -8*k = 5*c - 11*k + 20, 4 = -c - 4*k. Give t(c).
7
Let l be (4/10)/(18/90). Let a(c) = 2*c**2 - c**3 + 2*c**3 - 8*c**l - 4. Let m be -5 - -3 - ((1 - 12) + 3). Calculate a(m).
-4
Let i(h) be the first derivative of -h**4/4 + 5*h**3/3 - 2*h**2 + 5*h - 1. Let d = 76 - 74. Let r be 2 - (d/(-2) + -4 + 3). Give i(r).
5
Let l(z) = -6*z**3 + 2*z**2 - 10*z - 1. Let k(f) = 5*f**3 - 3*f**2 + 9*f. Let r(u) = -5*k(u) - 4*l(u). Determine r(3).
25
Suppose a + 3*c - 12 = 0, 2 = -3*a - a - 2*c. Let f be ((-2)/a)/((-5)/(-15)). Let y(x) = 2*x**3 - 2*x**2 - 2*x + 3. Calculate y(f).
7
Let x(a) be the third derivative of -a**4/24 - 5*a**3/2 + a**2. Suppose -158 + 150 = b. What is x(b)?
-7
Suppose -4*i + 3*o = 14, -i - 4*o + 6 = -0*i. Let h(m) = m**3 + m**2 - 2*m. Determine h(i).
0
Let g = 29 - 31. Let s(d) = -4*d**2 - 21*d - 21. Let v(b) = b**2 + 5*b + 5. Let t(f) = g*s(f) - 9*v(f). Determine t(-2).
-1
Let r(s) = -s**3 - 3*s**2 + 2. Let q(b) = b**2 + 4*b + 2. Let m be q(-3). Let f be (-1)/m - 0 - 4. What is r(f)?
2
Let i(f) = f + 3. Let m be i(11). Let u(l) = 5 + 6 - m + 2*l**2 + 2. Let s(g) = -g - 4. Let h be s(-6). Give u(h).
7
Let c(r) be the first derivative of -3*r**2 + 1 - 9 - 16. Let n be 1 + -1 + (0 - -1). Determine c(n).
-6
Let y(n) be the first derivative of 3*n**4/4 - n - 21. Let v be ((-3)/(-12))/((-1)/(-4)). Determine y(v).
2
Suppose -3*s + 2 = -1. Let y be ((0/(-1))/s)/3. Let n(j) = j**2 - j - 11. Give n(y).
-11
Let v be 4 + 5/10*(3 - 21) + 5. Let z(y) = y**3 + 5 - 4 + 2*y**2 - 3*y**2. Give z(v).
1
Let c(m) = m**3 + 9*m**2 + 15*m + 1. Let h = -607 + 600. Give c(h).
-6
Suppose 2*u + 3 - 1 = l, 0 = 4*u. Let h(k) = -28*k**2 - 24*k**l + 8*k + 4 + 57*k**2 - k**3. Determine h(6).
16
Let o(j) = -j**3 - 5*j**2 + 2. Let n = -13 + 8. Let z be o(n). Let p(l) = 4*l**z + 0*l**3 + l**3 - 2*l - 3*l - 5 + 4*l. Give p(-4).
-1
Let k(s) = -s + 4. Let y be k(0). Let p(d) = -5*d**2 - d**3 - 9 + 12 - y*d - 4. Give p(-4).
-1
Let i(x) = -115*x + 119*x + 17 - 15. Give i(-3).
-10
Let u(p) = p**3 - 9*p**2 + 11*p - 20. Let l be u(8). Let v(d) = -l - 6*d - 8*d + 11*d + d**3 + 4*d**2. Let o be 11/(-3) - (-1)/(-3). Calculate v(o).
8
Suppose 25 = -4*c - 5*p - 10, 3*c + 30 = -5*p. Let w(t) = -t**2 - 4*t - 6. Give w(c).
-11
Let v(f) = -7*f + 1 + f + 5*f. Calculate v(-4).
5
Let o(a) = 11*a. Let v be -4*(-49)/10 + (-2)/(-5). Suppose -v*l - 5 = -15*l. Give o(l).
-11
Let r(z) = 10 - 8*z**2 - 10*z - 12 + 5*z**2 + 13*z - 2*z. Calculate r(-1).
-6
Let k(v) be the first derivative of v**2 + v - 1. Suppose y - 189 + 160 = 0. Let z = y - 30. What is k(z)?
-1
Let l be ((-33)/9 - -3)*3. Let k be l/(-12) + 14/(-12). Let p(u) = 7*u + 1. Calculate p(k).
-6
Let o be (0 - 2/8)*4. Let m be (2 - (0 - -1))*o. Let y(c) = 2 - 1 + 0*c + c. Calculate y(m).
0
Let v(m) = -230 + 229 - m**2 - m**3 + 3*m**3 + m. What is v(1)?
1
Let l(a) = a + 0*a - 12*a + 8*a. What is l(2)?
-6
Let n(u) = 2*u - 3. Let g(f) = f**2 + 4*f + 2. Suppose 5*p - z = 26, 4*p - 4 = 5*z - 0. Let r be (9/p)/(3/(-8)). Let w be g(r). What is n(w)?
1
Let w(x) = x**2 + x - 20. Suppose p - 6 = -3*c, 5*p - 8*c = -4*c - 8. Determine w(p).
-20
Let v(f) = f - 3. Let a(k) = 1. Let n(u) = -3*a(u) - v(u). Suppose 4*m - 8 = 6*m. Give n(m).
4
Let f(y) = 5*y**2 - 27*y + 8. Let o(h) = 15*h**2 - 80*h + 26. Let a(r) = -7*f(r) + 2*o(r). Calculate a(6).
-10
Suppose 73*l - 8 = 72*l. Let w(y) = -l + 6*y - 2*y + 4 + 6. Calculate w(-4).
-14
Let z(m) = m**2 + 4*m + 1. Let h(j) = -12*j + 69. Suppose 2*t - u = 14, -4*t - 4*u = -u - 18. Let v be h(t). What is z(v)?
-2
Let x = 162 + -184. Let y = -21 - x. Let a(m) = 10*m + 1. Calculate a(y).
11
Let b(c) = 3*c**2 - 2*c + 1. Let q(h) = -5*h**2 - 5*h - 10. Let w(i) = -2*b(i) - q(i). Calculate w(9).
8
Let v = -120 + 122. Let y(c) be the third derivative of 0*c +